{"id":166,"date":"2009-04-18T13:36:07","date_gmt":"2009-04-18T12:36:07","guid":{"rendered":"http:\/\/www.weinfreunde-unterland.at\/wordpress\/?page_id=166"},"modified":"2011-04-11T16:19:13","modified_gmt":"2011-04-11T14:19:14","slug":"frank-rinner","status":"publish","type":"page","link":"https:\/\/www.weinfreunde-unterland.at\/wordpress\/ueber-mich\/frank-rinner\/","title":{"rendered":"Frank Rinner"},"content":{"rendered":"<p><a href=\"https:\/\/www.weinfreunde-unterland.at\/wordpress\/wp-content\/uploads\/2009\/04\/IMG_6297.jpg\"><img loading=\"lazy\" decoding=\"async\" class=\"alignleft size-medium wp-image-1172\" title=\"IMG_6297\" src=\"https:\/\/www.weinfreunde-unterland.at\/wordpress\/wp-content\/uploads\/2009\/04\/IMG_6297-200x300.jpg\" alt=\"\" width=\"200\" height=\"300\" srcset=\"https:\/\/www.weinfreunde-unterland.at\/wordpress\/wp-content\/uploads\/2009\/04\/IMG_6297-200x300.jpg 200w, https:\/\/www.weinfreunde-unterland.at\/wordpress\/wp-content\/uploads\/2009\/04\/IMG_6297.jpg 320w\" sizes=\"auto, (max-width: 200px) 100vw, 200px\" \/><\/a>Frank Rinner ist leitender kaufm\u00e4nnischer Angestellter in Kufstein, stolzer Vater seines Sohnes Luca und lebt gemeinsam mit Renate in M\u00fcnster.<\/p>\n<p>Die Liebe zum Wein ist zur Leidenschaft geworden und es geht ihm nicht nur mehr um dessen Genu\u00df, sondern auch um Geschichte, Kultur und Entstehung. Das war auch einer der Gr\u00fcnde, warum diese Homepage entstanden ist.<\/p>\n<p>Bei den Weinfreunden Unterland ist er vor allem f\u00fcr die Organisation von Weinreisen und das Bef\u00fcllen mit Bewertungen, Berichten und Artikeln der Homepage zust\u00e4ndig.<\/p>\n<p><a href=\"https:\/\/www.weinfreunde-unterland.at\/wordpress\/?author=2\">Alle Artikel von Frank Rinner<\/a><\/p>\n","protected":false},"excerpt":{"rendered":"<p>Frank Rinner ist leitender kaufm\u00e4nnischer Angestellter in Kufstein, stolzer Vater seines Sohnes Luca und lebt gemeinsam mit Renate in M\u00fcnster. &hellip; <\/p>\n","protected":false},"author":2,"featured_media":0,"parent":2,"menu_order":10,"comment_status":"closed","ping_status":"closed","template":"","meta":{"ngg_post_thumbnail":0,"footnotes":""},"class_list":["post-166","page","type-page","status-publish","hentry"],"_links":{"self":[{"href":"https:\/\/www.weinfreunde-unterland.at\/wordpress\/wp-json\/wp\/v2\/pages\/166","targetHints":{"allow":["GET"]}}],"collection":[{"href":"https:\/\/www.weinfreunde-unterland.at\/wordpress\/wp-json\/wp\/v2\/pages"}],"about":[{"href":"https:\/\/www.weinfreunde-unterland.at\/wordpress\/wp-json\/wp\/v2\/types\/page"}],"author":[{"embeddable":true,"href":"https:\/\/www.weinfreunde-unterland.at\/wordpress\/wp-json\/wp\/v2\/users\/2"}],"replies":[{"embeddable":true,"href":"https:\/\/www.weinfreunde-unterland.at\/wordpress\/wp-json\/wp\/v2\/comments?post=166"}],"version-history":[{"count":12,"href":"https:\/\/www.weinfreunde-unterland.at\/wordpress\/wp-json\/wp\/v2\/pages\/166\/revisions"}],"predecessor-version":[{"id":1293,"href":"https:\/\/www.weinfreunde-unterland.at\/wordpress\/wp-json\/wp\/v2\/pages\/166\/revisions\/1293"}],"up":[{"embeddable":true,"href":"https:\/\/www.weinfreunde-unterland.at\/wordpress\/wp-json\/wp\/v2\/pages\/2"}],"wp:attachment":[{"href":"https:\/\/www.weinfreunde-unterland.at\/wordpress\/wp-json\/wp\/v2\/media?parent=166"}],"curies":[{"name":"wp","href":"https:\/\/api.w.org\/{rel}","templated":true}]}}